{"id":1895,"date":"2025-04-22T20:01:33","date_gmt":"2025-04-22T20:01:33","guid":{"rendered":"https:\/\/baharsanlidermacosmetics.com\/?post_type=product&#038;p=1895"},"modified":"2025-06-13T08:46:20","modified_gmt":"2025-06-13T08:46:20","slug":"micro-granule-peeling-gel-200-ml","status":"publish","type":"product","link":"https:\/\/baharsanlidermacosmetics.com\/?product=micro-granule-peeling-gel-200-ml","title":{"rendered":"Mikro Tanecikli Peeling Jel 200 ml"},"content":{"rendered":"<p>AQUA, CITRIC ACID, BUTYROSPERMUM PARKII (SHEA) OIL, MAGNESIUM LAURETH SULFATE, SODIUM HYDROXIDE, CELLULOSE ACETATE, SODIUM COCOAMPHOACETATE, METHYLPROPANEDIOL, ACRYLATES\/C10-30 ALKYL ACRYLATE CROSSPOLYMER, COCO-GLUCOSIDE, GLYCERYL OLEATE, SODIUM COCOYL GLUTAMATE, XANTHAN GUM, SODIUM CITRATE, BENZOIC ACID, PROPANEDIOL, ACRYLATES\/VINYL ISODECANOATE CROSSPOLYMER, MANNITOL, XYLITOL, RHAMNOSE, TOCOPHEROL, HELIANTHUS ANNUUS (SUNFLOWER) SEED OIL, LYSINE, AZELAIC ACID, CAPRYLIC\/CAPRIC TRIGLYCERIDE, HYDROGENATED PALM GLYCERIDES CITRATE, PARFUM<\/p>\n","protected":false},"excerpt":{"rendered":"<p>Mikro Tanecikli Peeling Jel leke olu\u015fumunu engellemeye yard\u0131mc\u0131 olur. AHA a\u00e7\u0131s\u0131ndan zengin ve peeling etkili mikrotanecikler, cildin do\u011fal \u0131\u015f\u0131lt\u0131s\u0131n\u0131 ortaya \u00e7\u0131karmay\u0131 hedefler. Nemlendirici aktif bile\u015fenlerle zenginle\u015ftirilmi\u015f form\u00fcl\u00fc, cildin rahatlamas\u0131na destek olur. Kremsi ve peeling etkili bir dokuya sahiptir.<\/p>\n<p><strong>Kullan\u0131m \u015eekli:<\/strong><\/p>\n<p>Sabah ve ak\u015fam nemli cilde uygulay\u0131n, k\u00f6p\u00fcrt\u00fcn ve iyice durulay\u0131n. Haftada bir veya iki kez maske olarak da kullan\u0131labilir: Maske olarak kullanmak i\u00e7in kal\u0131n bir tabaka halinde cilde s\u00fcrerek 5 dakika bekletin, \u0131slat\u0131n, k\u00f6p\u00fcrt\u00fcn ve iyice durulay\u0131n. G\u00f6z \u00e7evresi ile temas\u0131ndan ka\u00e7\u0131n\u0131n. Y\u00fcz ve v\u00fccut kullan\u0131m\u0131na uygundur.<\/p>\n<p><em><strong>UYARILAR<\/strong><\/em><\/p>\n<p>Haricen kullan\u0131l\u0131r. Oda s\u0131cakl\u0131\u011f\u0131nda muhafaza ediniz. \u00c7ocuklardan uzak tutunuz.<\/p>\n","protected":false},"featured_media":1883,"template":"","meta":[],"product_brand":[94],"product_cat":[114],"product_tag":[86,115,117,116],"class_list":{"0":"post-1895","1":"product","2":"type-product","3":"status-publish","4":"has-post-thumbnail","6":"product_brand-bsc","7":"product_cat-krem","8":"product_tag-krem","9":"product_tag-mikro","10":"product_tag-peeling","11":"product_tag-tanecikli","13":"first","14":"outofstock","15":"shipping-taxable","16":"purchasable","17":"product-type-simple"},"_links":{"self":[{"href":"https:\/\/baharsanlidermacosmetics.com\/index.php?rest_route=\/wp\/v2\/product\/1895","targetHints":{"allow":["GET"]}}],"collection":[{"href":"https:\/\/baharsanlidermacosmetics.com\/index.php?rest_route=\/wp\/v2\/product"}],"about":[{"href":"https:\/\/baharsanlidermacosmetics.com\/index.php?rest_route=\/wp\/v2\/types\/product"}],"wp:featuredmedia":[{"embeddable":true,"href":"https:\/\/baharsanlidermacosmetics.com\/index.php?rest_route=\/wp\/v2\/media\/1883"}],"wp:attachment":[{"href":"https:\/\/baharsanlidermacosmetics.com\/index.php?rest_route=%2Fwp%2Fv2%2Fmedia&parent=1895"}],"wp:term":[{"taxonomy":"product_brand","embeddable":true,"href":"https:\/\/baharsanlidermacosmetics.com\/index.php?rest_route=%2Fwp%2Fv2%2Fproduct_brand&post=1895"},{"taxonomy":"product_cat","embeddable":true,"href":"https:\/\/baharsanlidermacosmetics.com\/index.php?rest_route=%2Fwp%2Fv2%2Fproduct_cat&post=1895"},{"taxonomy":"product_tag","embeddable":true,"href":"https:\/\/baharsanlidermacosmetics.com\/index.php?rest_route=%2Fwp%2Fv2%2Fproduct_tag&post=1895"}],"curies":[{"name":"wp","href":"https:\/\/api.w.org\/{rel}","templated":true}]}}