{"id":1891,"date":"2025-04-22T19:54:53","date_gmt":"2025-04-22T19:54:53","guid":{"rendered":"https:\/\/baharsanlidermacosmetics.com\/?post_type=product&#038;p=1891"},"modified":"2025-05-28T18:52:24","modified_gmt":"2025-05-28T18:52:24","slug":"moisturizing-pore-tightening-activated-charcoal-clay-mask-75-ml","status":"publish","type":"product","link":"https:\/\/baharsanlidermacosmetics.com\/?product=moisturizing-pore-tightening-activated-charcoal-clay-mask-75-ml","title":{"rendered":"Nemlendirici G\u00f6zenek S\u0131k\u0131la\u015ft\u0131r\u0131c\u0131 Aktif Karbon Kil Maskesi 75 ml"},"content":{"rendered":"<p>AQUA, CLAY, KAOLIN, BENTONITE, CETEARYL ALCOHOL, CAPRYLIC\/CAPRIC TRIGLYCERIDE, C12-15 ALKYL BENZOATE, GLYCERYL STEARATE, PEG-100 STEARATE, KAOLIN, BENTONITE, CYCLOPENTASILOXANE, DIMETHICONE, BUTYROSPERMUM PARKII BUTTER, ZINC PCA, SODIUM PCA, CARBON BLACK, MICA, GLYCERIN, PROPYLENE GLYCOL, PHENOXYETHANOL, ETHYLHEXYLGLYCERIN, NIACINAMIDE, HYALURONIC ACID, EQUISETUM ARVENSE EXTRACT, ALLANTOIN, ROSA CANINA LEAF EXTRACT, PARFUM, PISUM SATIVUM SPROUT EXTRACT, PANTHENOL, OLEA EUROPAEA LEAF EXTRACT, ROSMARINUS OFFICINALIS LEAF EXTRACT, POLYSORBATE 20, PERSEA GRATISSIMA LEAF EXTRACT, SALVIA OFFICINALIS LEAF EXTRACT, CITRIC ACID<\/p>\n","protected":false},"excerpt":{"rendered":"<p>Nemlendirici G\u00f6zenek S\u0131k\u0131la\u015ft\u0131r\u0131c\u0131 Aktif Karbon Kil Maskesi akne ve sivilce olu\u015fumuna yatk\u0131n ciltlerde sa\u011fl\u0131kl\u0131 cilt yap\u0131s\u0131n\u0131n korunmas\u0131nda yard\u0131mc\u0131d\u0131r. Zinc PCA cildinizi akne olu\u015fumuna kar\u015f\u0131 korurken i\u00e7eri\u011findeki nemlendirici ajanlar cildinizin g\u00fcn boyu nemli kalmas\u0131n\u0131 sa\u011flar. Yeterli miktarda maskeyi dairesel ve nazik hareketlerle cildinize uygulay\u0131n\u0131z. 10-15 dakika sonra maske cildinizde kurudu\u011funda cildinizden ar\u0131nd\u0131r\u0131n\u0131z.<\/p>\n<p><em><strong>UYARILAR<\/strong><\/em><\/p>\n<p>Haricen kullan\u0131l\u0131r. Oda s\u0131cakl\u0131\u011f\u0131nda muhafaza ediniz. \u00c7ocuklardan uzak tutunuz.<\/p>\n","protected":false},"featured_media":1879,"template":"","meta":[],"product_brand":[94],"product_cat":[89],"product_tag":[104,90,92,91,88],"class_list":{"0":"post-1891","1":"product","2":"type-product","3":"status-publish","4":"has-post-thumbnail","6":"product_brand-bsc","7":"product_cat-kil-maskesi","8":"product_tag-aktif","9":"product_tag-karbon","10":"product_tag-kil","11":"product_tag-maske","12":"product_tag-nemlendirici","14":"first","15":"instock","16":"featured","17":"shipping-taxable","18":"purchasable","19":"product-type-simple"},"_links":{"self":[{"href":"https:\/\/baharsanlidermacosmetics.com\/index.php?rest_route=\/wp\/v2\/product\/1891","targetHints":{"allow":["GET"]}}],"collection":[{"href":"https:\/\/baharsanlidermacosmetics.com\/index.php?rest_route=\/wp\/v2\/product"}],"about":[{"href":"https:\/\/baharsanlidermacosmetics.com\/index.php?rest_route=\/wp\/v2\/types\/product"}],"wp:featuredmedia":[{"embeddable":true,"href":"https:\/\/baharsanlidermacosmetics.com\/index.php?rest_route=\/wp\/v2\/media\/1879"}],"wp:attachment":[{"href":"https:\/\/baharsanlidermacosmetics.com\/index.php?rest_route=%2Fwp%2Fv2%2Fmedia&parent=1891"}],"wp:term":[{"taxonomy":"product_brand","embeddable":true,"href":"https:\/\/baharsanlidermacosmetics.com\/index.php?rest_route=%2Fwp%2Fv2%2Fproduct_brand&post=1891"},{"taxonomy":"product_cat","embeddable":true,"href":"https:\/\/baharsanlidermacosmetics.com\/index.php?rest_route=%2Fwp%2Fv2%2Fproduct_cat&post=1891"},{"taxonomy":"product_tag","embeddable":true,"href":"https:\/\/baharsanlidermacosmetics.com\/index.php?rest_route=%2Fwp%2Fv2%2Fproduct_tag&post=1891"}],"curies":[{"name":"wp","href":"https:\/\/api.w.org\/{rel}","templated":true}]}}