{"id":1889,"date":"2025-04-22T19:50:35","date_gmt":"2025-04-22T19:50:35","guid":{"rendered":"https:\/\/baharsanlidermacosmetics.com\/?post_type=product&#038;p=1889"},"modified":"2025-05-28T18:51:56","modified_gmt":"2025-05-28T18:51:56","slug":"50-spf-sunscreen-50-ml","status":"publish","type":"product","link":"https:\/\/baharsanlidermacosmetics.com\/?product=50-spf-sunscreen-50-ml","title":{"rendered":"50+ SPF G\u00fcne\u015f Kremi 50 ml"},"content":{"rendered":"<p>AQUA, DIETHYLAMINO HYDROXYBENZOYL HEXYL BENZOATE, GLYCERIN, PHENYLBENZIMIDAZOLE SULFONIC ACID, BIS-ETHYLHEXYLOXYPHENOL METHOXYPHENYL TRIAZINE, ETHYLHEXYL METHOXYCINNAMATE, POTASSIUM CETYL PHOSPHATE, CAPRYLIC\/CAPRIC TRIGLYCERIDE, ETHYLHEXYL TRIAZONE, BUTYL METHOXYDIBENZOYLMETHANE, C13-14 ISOPARAFFIN, HYALURONIC ACID, HYDROLYZED CORN PROTEIN, SODIUM HYALURONATE CROSSPOLYMER, SODIUM CITRATE, HYDROLYZED HYALURONIC ACID, SODIUM HYALURONATE, SACCHARIDE ISOMERATE, BETA VULGARIS ROOT EXTRACT, HYDROLYZED GLYCOSAMINOGLYCANS, PHENOXYETHANOL, LAURETH-7, ETHYLHEXYLGLYCERIN, TOCOPHEROL, OLEA EUROPAEA OIL, PARFUM, STEARIC ACID, PANTHENOL, ZINC OXIDE, CENTELLA ASIATICA EXTRACT, CERAMIDE NP, PHYTOSPHINGOSINE, CERAMIDE AP, CERAMIDE EOP, CITRIC ACID<\/p>\n","protected":false},"excerpt":{"rendered":"<p>50+ SPF G\u00fcne\u015f Kremi uzun S\u00fcreli UVA koruman\u0131n yan\u0131 s\u0131ra mavi \u0131\u015f\u0131k koruma teknolojisi ile y\u00fcz ve boyun b\u00f6lgesi i\u00e7in \u00f6zel olarak form\u00fcle edilmi\u015ftir. \u0130\u00e7eri\u011findeki 4D Hyaluronik asit kar\u0131\u015f\u0131m\u0131 ve uzun s\u00fcreli nem sa\u011flayan \u00f6zel bile\u015fenler sayesinde g\u00fcne\u015f \u0131\u015f\u0131nlar\u0131n\u0131n cilt \u00fczerinde olu\u015fturaca\u011f\u0131 kuruluk hissini ortadan kald\u0131r\u0131r. Sa\u011fl\u0131kl\u0131 cilt g\u00f6r\u00fcn\u00fcm\u00fcn\u00fcn korunmas\u0131n\u0131 ve nemi i\u00e7ine hapsetmi\u015f bir y\u00fczey olu\u015fmas\u0131n\u0131 sa\u011flar. Mat biti\u015f \u00f6zelli\u011fi ve h\u0131zl\u0131 emilen yap\u0131s\u0131 ile makyaj \u00f6ncesi kullan\u0131ma uygundur. Seramid i\u00e7eri\u011fi ile g\u00fcne\u015fin zararl\u0131 \u0131\u015f\u0131nlar\u0131na kar\u015f\u0131 cilt bariyerini korumay\u0131 destekler.<\/p>\n<p>Kullan\u0131m Sekli: Cilt bak\u0131m sonras\u0131 g\u00fcnl\u00fck kullan\u0131ma uygundur. G\u00fcne\u015fe \u00e7\u0131kmadan 30 dakika \u00f6nce cildinize uygulay\u0131n. G\u00fcne\u015ften koruman\u0131n devaml\u0131l\u0131\u011f\u0131n\u0131 sa\u011flamak i\u00e7in uygulamay\u0131 2 saatte bir tekrarlay\u0131n.<\/p>\n<p><em><strong>Uyar\u0131lar<\/strong><\/em>: Sadece harici kullan\u0131m i\u00e7indir. Kullanmadan \u00f6nce, olas\u0131 istenmeyen yan etkileri g\u00f6zlemleyebilmek ad\u0131na \u00fcr\u00fcn\u00fc cildinizin k\u00fc\u00e7\u00fck bir b\u00f6l\u00fcm\u00fcne uygulay\u0131n, e\u011fer k\u0131zar\u0131kl\u0131k ve hassasiyet olu\u015fmazsa \u00fcr\u00fcn\u00fc cildinizde kullanmaya devam edebilirsiniz. G\u00f6zle temas\u0131ndan ka\u00e7\u0131n\u0131n\u0131z, g\u00f6z \u00e7evresine uygulama yapmay\u0131n\u0131z. Temas halinde bol su ile durulay\u0131n\u0131z. G\u00fcne\u015fe \u00e7\u0131kmadan 30 dakika \u00f6nce t\u00fcm cildinize e\u015fit miktarda uygulay\u0131n\u0131z ve 2 saatte bir yenileyiniz. Oda s\u0131cakl\u0131\u011f\u0131nda g\u00fcne\u015f \u0131\u015f\u0131\u011f\u0131ndan uzakta ve \u00e7ocuklar\u0131n ula\u015famayaca\u011f\u0131 bir yerde saklay\u0131n. Direkt \u0131s\u0131yla temas\u0131ndan sak\u0131n\u0131n\u0131z.<\/p>\n","protected":false},"featured_media":1881,"template":"","meta":[],"product_brand":[94],"product_cat":[98],"product_tag":[99,86],"class_list":{"0":"post-1889","1":"product","2":"type-product","3":"status-publish","4":"has-post-thumbnail","6":"product_brand-bsc","7":"product_cat-gunes-kremi","8":"product_tag-gunes","9":"product_tag-krem","11":"first","12":"instock","13":"featured","14":"shipping-taxable","15":"purchasable","16":"product-type-simple"},"_links":{"self":[{"href":"https:\/\/baharsanlidermacosmetics.com\/index.php?rest_route=\/wp\/v2\/product\/1889","targetHints":{"allow":["GET"]}}],"collection":[{"href":"https:\/\/baharsanlidermacosmetics.com\/index.php?rest_route=\/wp\/v2\/product"}],"about":[{"href":"https:\/\/baharsanlidermacosmetics.com\/index.php?rest_route=\/wp\/v2\/types\/product"}],"wp:featuredmedia":[{"embeddable":true,"href":"https:\/\/baharsanlidermacosmetics.com\/index.php?rest_route=\/wp\/v2\/media\/1881"}],"wp:attachment":[{"href":"https:\/\/baharsanlidermacosmetics.com\/index.php?rest_route=%2Fwp%2Fv2%2Fmedia&parent=1889"}],"wp:term":[{"taxonomy":"product_brand","embeddable":true,"href":"https:\/\/baharsanlidermacosmetics.com\/index.php?rest_route=%2Fwp%2Fv2%2Fproduct_brand&post=1889"},{"taxonomy":"product_cat","embeddable":true,"href":"https:\/\/baharsanlidermacosmetics.com\/index.php?rest_route=%2Fwp%2Fv2%2Fproduct_cat&post=1889"},{"taxonomy":"product_tag","embeddable":true,"href":"https:\/\/baharsanlidermacosmetics.com\/index.php?rest_route=%2Fwp%2Fv2%2Fproduct_tag&post=1889"}],"curies":[{"name":"wp","href":"https:\/\/api.w.org\/{rel}","templated":true}]}}